{"id":2,"date":"2016-05-10T03:48:21","date_gmt":"2016-05-10T03:48:21","guid":{"rendered":"https:\/\/snfe.com.br\/?page_id=2"},"modified":"2024-05-28T12:56:51","modified_gmt":"2024-05-28T12:56:51","slug":"software-de-gestao-empresarial","status":"publish","type":"page","link":"https:\/\/snfe.com.br\/","title":{"rendered":"SNFe &#8211; Software de Gest\u00e3o Empresarial"},"content":{"rendered":"<div class=\"gb-container gb-container-8490d957 alignfull\">\n<div class=\"gb-container gb-container-f089ed68\">\n<div class=\"gb-grid-wrapper gb-grid-wrapper-17e7e809\">\n<div class=\"gb-grid-column gb-grid-column-65d92a10\"><div class=\"gb-container gb-container-65d92a10\">\n\n<figure class=\"gb-block-image gb-block-image-d92bef6e\"><img loading=\"lazy\" decoding=\"async\" width=\"398\" height=\"204\" class=\"gb-image gb-image-d92bef6e\" src=\"https:\/\/snfe.com.br\/wp-content\/uploads\/2024\/05\/snfe.png\" alt=\"\" title=\"snfe\" srcset=\"https:\/\/snfe.com.br\/wp-content\/uploads\/2024\/05\/snfe.png 398w, https:\/\/snfe.com.br\/wp-content\/uploads\/2024\/05\/snfe-300x154.png 300w\" sizes=\"auto, (max-width: 398px) 100vw, 398px\" \/><\/figure>\n\n\n\n<h1 class=\"gb-headline gb-headline-e598890d gb-headline-text\">Software de Gest\u00e3o Empresarial &#8211; SNFe<\/h1>\n\n\n\n<p>Revolucione sua Empresa com Nosso Software de Gest\u00e3o Empresarial: Efici\u00eancia e Controle total feito para voc\u00ea<\/p>\n\n\n\n<a class=\"gb-button gb-button-24b12d0d gb-button-text\" href=\"https:\/\/app.snfe.com.br\/\" target=\"_blank\" rel=\"noopener noreferrer\">Acessar o APP<\/a>\n\n<\/div><\/div>\n\n<div class=\"gb-grid-column gb-grid-column-d7bc95e0\"><div class=\"gb-container gb-container-d7bc95e0\">\n\n<figure class=\"gb-block-image gb-block-image-1cc54e5c\"><img loading=\"lazy\" decoding=\"async\" width=\"413\" height=\"380\" class=\"gb-image gb-image-1cc54e5c\" src=\"https:\/\/snfe.com.br\/wp-content\/uploads\/2024\/05\/snfe-modelo.png\" alt=\"\" title=\"snfe-modelo\" srcset=\"https:\/\/snfe.com.br\/wp-content\/uploads\/2024\/05\/snfe-modelo.png 413w, https:\/\/snfe.com.br\/wp-content\/uploads\/2024\/05\/snfe-modelo-300x276.png 300w\" sizes=\"auto, (max-width: 413px) 100vw, 413px\" \/><\/figure>\n\n<\/div><\/div>\n<\/div>\n<\/div>\n<\/div>\n\n<div class=\"gb-container gb-container-8e917678 alignfull\">\n<div class=\"gb-container gb-container-34f402dd\">\n<div class=\"gb-grid-wrapper gb-grid-wrapper-5850f1c6\">\n<div class=\"gb-grid-column gb-grid-column-f30f05c0\"><div class=\"gb-container gb-container-f30f05c0\">\n\n<h3 class=\"gb-headline gb-headline-edd9d09d gb-headline-text\"><strong>23 anos de mercado<\/strong><\/h3>\n\n<\/div><\/div>\n\n<div class=\"gb-grid-column gb-grid-column-6f081ecd\"><div class=\"gb-container gb-container-6f081ecd\">\n\n<h3 class=\"gb-headline gb-headline-9036a34d gb-headline-text\"><strong>+ De 1000 Clientes<\/strong><\/h3>\n\n<\/div><\/div>\n\n<div class=\"gb-grid-column gb-grid-column-367185c7\"><div class=\"gb-container gb-container-367185c7\">\n\n<h3 class=\"gb-headline gb-headline-6ccf8373 gb-headline-text\"><strong>+De 322.000 Notas emitidas m\u00eas<\/strong><\/h3>\n\n<\/div><\/div>\n<\/div>\n<\/div>\n<\/div>\n\n<div class=\"gb-container gb-container-3c420155 alignfull\">\n<div class=\"gb-container gb-container-9e26331c\">\n<div class=\"gb-grid-wrapper gb-grid-wrapper-ce165411\">\n<div class=\"gb-grid-column gb-grid-column-691e98ef\"><div class=\"gb-container gb-container-691e98ef\">\n\n<h3 class=\"gb-headline gb-headline-28504cdb gb-headline-text\"><strong>Nossa Empresa<\/strong><\/h3>\n\n\n\n<p class=\"has-text-align-center has-white-color has-text-color has-link-color wp-elements-97527e1804b9e5ce15c29d1fd0d0c22d\">Por quase 25 anos, a S.Baum Tecnologia tem sido mais do que uma fornecedora de software \u2013 somos parceiros estrat\u00e9gicos dedicados ao sucesso de nossos clientes. Trabalhando lado a lado com voc\u00ea, mergulhamos profundamente em seu neg\u00f3cio para entender suas necessidades e desafios t\u00e3o bem quanto voc\u00ea. Dessa forma, desenvolvemos solu\u00e7\u00f5es de software e servi\u00e7os personalizadas para cada segmento, garantindo resultados superiores. Com a S.Baum Tecnologia, voc\u00ea n\u00e3o apenas adquire tecnologia de ponta, mas tamb\u00e9m uma equipe comprometida em impulsionar seu crescimento e sucesso cont\u00ednuo.<\/p>\n\n<\/div><\/div>\n<\/div>\n<\/div>\n<\/div>\n\n<div class=\"gb-container gb-container-d16954c2 alignfull\">\n<div class=\"gb-container gb-container-49f84a38\">\n<div class=\"gb-grid-wrapper gb-grid-wrapper-028067bd\">\n<div class=\"gb-grid-column gb-grid-column-c643c838\"><div class=\"gb-container gb-container-c643c838\">\n\n<figure class=\"gb-block-image gb-block-image-f7acde86\"><img loading=\"lazy\" decoding=\"async\" width=\"64\" height=\"64\" class=\"gb-image gb-image-f7acde86\" src=\"https:\/\/snfe.com.br\/wp-content\/uploads\/2024\/05\/icone-nfe.png\" alt=\"\" title=\"icone-nfe\"\/><\/figure>\n\n\n\n<p class=\"has-text-align-center\">A emiss\u00e3o de documentos fiscais na sua empresa \u00e9 feita de forma f\u00e1cil e \u00e1gil?<\/p>\n\n<\/div><\/div>\n\n<div class=\"gb-grid-column gb-grid-column-4bdc2999\"><div class=\"gb-container gb-container-4bdc2999\">\n\n<figure class=\"gb-block-image gb-block-image-0acc91a5\"><img loading=\"lazy\" decoding=\"async\" width=\"64\" height=\"64\" class=\"gb-image gb-image-0acc91a5\" src=\"https:\/\/snfe.com.br\/wp-content\/uploads\/2024\/05\/icone-estoque.png\" alt=\"\" title=\"icone-estoque\"\/><\/figure>\n\n\n\n<p class=\"has-text-align-center\">Voc\u00ea controla cada mercadoria que entra e que sai no seu neg\u00f3cio?<\/p>\n\n<\/div><\/div>\n\n<div class=\"gb-grid-column gb-grid-column-62e68f90\"><div class=\"gb-container gb-container-62e68f90\">\n\n<figure class=\"gb-block-image gb-block-image-66ccadfa\"><img loading=\"lazy\" decoding=\"async\" width=\"64\" height=\"64\" class=\"gb-image gb-image-66ccadfa\" src=\"https:\/\/snfe.com.br\/wp-content\/uploads\/2024\/05\/icone-filtro.png\" alt=\"\" title=\"icone-filtro\"\/><\/figure>\n\n\n\n<p class=\"has-text-align-center\">Quais os produtos com maior custo em sua empresa?<\/p>\n\n<\/div><\/div>\n<\/div>\n\n<div class=\"gb-grid-wrapper gb-grid-wrapper-fdc10ad3\">\n<div class=\"gb-grid-column gb-grid-column-0c90b87b\"><div class=\"gb-container gb-container-0c90b87b\">\n\n<figure class=\"gb-block-image gb-block-image-f3250dcf\"><img loading=\"lazy\" decoding=\"async\" width=\"64\" height=\"64\" class=\"gb-image gb-image-f3250dcf\" src=\"https:\/\/snfe.com.br\/wp-content\/uploads\/2024\/05\/icone-lucro.png\" alt=\"\" title=\"icone-lucro\"\/><\/figure>\n\n\n\n<p class=\"has-text-align-center\">A emiss\u00e3o de documentos fiscais na sua empresa \u00e9 feita de forma f\u00e1cil e \u00e1gil?<\/p>\n\n<\/div><\/div>\n\n<div class=\"gb-grid-column gb-grid-column-e429164b\"><div class=\"gb-container gb-container-e429164b\">\n\n<figure class=\"gb-block-image gb-block-image-e582e3de\"><img loading=\"lazy\" decoding=\"async\" width=\"64\" height=\"64\" class=\"gb-image gb-image-e582e3de\" src=\"https:\/\/snfe.com.br\/wp-content\/uploads\/2024\/05\/icone-planejamento.png\" alt=\"\" title=\"icone-planejamento\"\/><\/figure>\n\n\n\n<p class=\"has-text-align-center\">Voc\u00ea controla cada mercadoria que entra e que sai no seu neg\u00f3cio?<\/p>\n\n<\/div><\/div>\n\n<div class=\"gb-grid-column gb-grid-column-1347085a\"><div class=\"gb-container gb-container-1347085a\">\n\n<figure class=\"gb-block-image gb-block-image-c41ccbe1\"><img loading=\"lazy\" decoding=\"async\" width=\"64\" height=\"64\" class=\"gb-image gb-image-c41ccbe1\" src=\"https:\/\/snfe.com.br\/wp-content\/uploads\/2024\/05\/icone-cliente.png\" alt=\"\" title=\"icone-cliente\"\/><\/figure>\n\n\n\n<p class=\"has-text-align-center\">Quais os produtos com maior custo em sua empresa?<\/p>\n\n<\/div><\/div>\n<\/div>\n<\/div>\n<\/div>\n\n<div class=\"gb-container gb-container-eaf2c39f alignfull\">\n<div class=\"gb-container gb-container-85dcfdc3\">\n\n<h2 class=\"gb-headline gb-headline-01f046e4 gb-headline-text\"><strong>Principais motivos da mortalidade das empresas<\/strong><\/h2>\n\n\n<div class=\"gb-grid-wrapper gb-grid-wrapper-e0a074e3\">\n<div class=\"gb-grid-column gb-grid-column-82a3dba8\"><div class=\"gb-container gb-container-82a3dba8\">\n\n<figure class=\"gb-block-image gb-block-image-6f4a545b\"><img loading=\"lazy\" decoding=\"async\" width=\"2000\" height=\"2000\" class=\"gb-image gb-image-6f4a545b\" src=\"https:\/\/snfe.com.br\/wp-content\/uploads\/2024\/05\/3783105.jpg\" alt=\"\" title=\"3783105\" srcset=\"https:\/\/snfe.com.br\/wp-content\/uploads\/2024\/05\/3783105.jpg 2000w, https:\/\/snfe.com.br\/wp-content\/uploads\/2024\/05\/3783105-300x300.jpg 300w, https:\/\/snfe.com.br\/wp-content\/uploads\/2024\/05\/3783105-1024x1024.jpg 1024w, https:\/\/snfe.com.br\/wp-content\/uploads\/2024\/05\/3783105-150x150.jpg 150w, https:\/\/snfe.com.br\/wp-content\/uploads\/2024\/05\/3783105-768x768.jpg 768w, https:\/\/snfe.com.br\/wp-content\/uploads\/2024\/05\/3783105-1536x1536.jpg 1536w\" sizes=\"auto, (max-width: 2000px) 100vw, 2000px\" \/><\/figure>\n\n<\/div><\/div>\n\n<div class=\"gb-grid-column gb-grid-column-615d72d4\"><div class=\"gb-container gb-container-615d72d4\">\n\n<p class=\"bloco-redondo has-white-color has-text-color has-link-color wp-elements-0eafc90151ae163649b6b7341fa4c24a\">MISTURAM GASTOS PESSOAIS COM OS DA EMPRESA<\/p>\n\n\n\n<p class=\"bloco-redondo has-white-color has-text-color has-link-color wp-elements-541fd33a60ba6691f06239cb13852f0b\">N\u00c3O POSSUEM UM PLANEJAMENTO PR\u00c9VIO ADEQUADO A REALIDADE DO MERCADO<\/p>\n\n\n\n<p class=\"bloco-redondo has-white-color has-text-color has-link-color wp-elements-3a5ecc330b0ce5c00ecab4ee4d69609e\">ACUMULAM D\u00cdVIDAS COM TAXA ELEVADA DE JUROS E N\u00c3O GERAM RIQUEZA SUFIENTE PARA FINANCIAR O SEU CRESCIMENTO<\/p>\n\n<\/div><\/div>\n<\/div>\n<\/div>\n<\/div>\n\n<div class=\"gb-container gb-container-f4087573 alignfull\">\n<div class=\"gb-container gb-container-ad3a21a9\">\n<div class=\"gb-grid-wrapper gb-grid-wrapper-c2daf6f0\">\n<div class=\"gb-grid-column gb-grid-column-c1664a2c\"><div class=\"gb-container gb-container-c1664a2c\">\n\n<h2 class=\"gb-headline gb-headline-f8794519 gb-headline-text\"><strong>Mais tempo para voc\u00ea ganhar dinheiro<\/strong><\/h2>\n\n\n\n<p><strong>Quanto tempo voc\u00ea gasta diariamente para cuidar da gest\u00e3o da sua empresa?<\/strong><br>Agora imagina no retorno que voc\u00ea teria se estivesse aplicando esse tempo para se dedicar a vender mais ou ter mais tempo para voc\u00ea fazer o que mais gosta.<\/p>\n\n\n\n<p><strong>Nossa solu\u00e7\u00e3o<\/strong><br>O SNFe ERP tem como principal objetivo proporcionar ao empres\u00e1rio libera\u00e7\u00e3o de tempo e energia para as atividades-chaves do seu neg\u00f3cio: aquelas que produzem os maiores resultados financeiros.<\/p>\n\n<\/div><\/div>\n\n<div class=\"gb-grid-column gb-grid-column-eb28440f\"><div class=\"gb-container gb-container-eb28440f\">\n\n<figure class=\"gb-block-image gb-block-image-f969a2cc\"><img loading=\"lazy\" decoding=\"async\" width=\"1000\" height=\"668\" class=\"gb-image gb-image-f969a2cc\" src=\"https:\/\/snfe.com.br\/wp-content\/uploads\/2024\/05\/controle-de-gestao.jpg\" alt=\"\" title=\"controle-de-gestao\" srcset=\"https:\/\/snfe.com.br\/wp-content\/uploads\/2024\/05\/controle-de-gestao.jpg 1000w, https:\/\/snfe.com.br\/wp-content\/uploads\/2024\/05\/controle-de-gestao-300x200.jpg 300w, https:\/\/snfe.com.br\/wp-content\/uploads\/2024\/05\/controle-de-gestao-768x513.jpg 768w\" sizes=\"auto, (max-width: 1000px) 100vw, 1000px\" \/><\/figure>\n\n<\/div><\/div>\n<\/div>\n<\/div>\n<\/div>\n\n<div class=\"gb-container gb-container-089fee2e alignfull\">\n<div class=\"gb-container gb-container-227ad5cc\">\n<div class=\"gb-grid-wrapper gb-grid-wrapper-3155a3ce\">\n<div class=\"gb-grid-column gb-grid-column-58750cd6\"><div class=\"gb-container gb-container-58750cd6\">\n\n<figure class=\"gb-block-image gb-block-image-f0319ced\"><img loading=\"lazy\" decoding=\"async\" width=\"1000\" height=\"667\" class=\"gb-image gb-image-f0319ced\" src=\"https:\/\/snfe.com.br\/wp-content\/uploads\/2024\/05\/controle-total.jpg\" alt=\"\" title=\"controle-total\" srcset=\"https:\/\/snfe.com.br\/wp-content\/uploads\/2024\/05\/controle-total.jpg 1000w, https:\/\/snfe.com.br\/wp-content\/uploads\/2024\/05\/controle-total-300x200.jpg 300w, https:\/\/snfe.com.br\/wp-content\/uploads\/2024\/05\/controle-total-768x512.jpg 768w\" sizes=\"auto, (max-width: 1000px) 100vw, 1000px\" \/><\/figure>\n\n<\/div><\/div>\n\n<div class=\"gb-grid-column gb-grid-column-5e54a774\"><div class=\"gb-container gb-container-5e54a774\">\n\n<h2 class=\"gb-headline gb-headline-5b7f6424 gb-headline-text\"><strong><strong>Tenha controle e reduza gastos no seu neg\u00f3cio<\/strong><\/strong><\/h2>\n\n\n\n<p><strong>Controlar cada centavo que entra e cada centavo que sai.<\/strong><br>Existem gastos que s\u00e3o impercept\u00edveis quando n\u00e3o controlados. Tarifas banc\u00e1rias, taxas de operadoras de cart\u00f5es, valores adicionais com horas extraordin\u00e1rias ou at\u00e9 mesmo aquele cafezinho do dia a dia.<\/p>\n\n\n\n<p><strong>Nossa solu\u00e7\u00e3o<\/strong><br>Controlar diariamente todas as opera\u00e7\u00f5es realizadas pela sua empresa a fim de entender onde est\u00e1 indo cada centavo de receita gerado. Com isso monitorar os gastos e sinalizar aqueles que est\u00e3o gerando maior impacto financeiro no seu fluxo de caixa<\/p>\n\n<\/div><\/div>\n<\/div>\n<\/div>\n<\/div>\n\n<div class=\"gb-container gb-container-ceebd882 alignfull\">\n<div class=\"gb-container gb-container-873bb09b\">\n\n<script type=\"text\/javascript\" src=\"\/\/mautic.sbaum.com.br\/form\/generate.js?id=10\"><\/script>\n\n<\/div>\n<\/div>","protected":false},"excerpt":{"rendered":"<p>Principais motivos da mortalidade das empresas<\/p>\n","protected":false},"author":1,"featured_media":0,"parent":0,"menu_order":0,"comment_status":"closed","ping_status":"open","template":"","meta":{"_eb_attr":"","site-sidebar-layout":"default","site-content-layout":"","ast-site-content-layout":"","site-content-style":"default","site-sidebar-style":"default","ast-global-header-display":"","ast-banner-title-visibility":"","ast-main-header-display":"","ast-hfb-above-header-display":"","ast-hfb-below-header-display":"","ast-hfb-mobile-header-display":"","site-post-title":"disabled","ast-breadcrumbs-content":"","ast-featured-img":"","footer-sml-layout":"","theme-transparent-header-meta":"","adv-header-id-meta":"","stick-header-meta":"","header-above-stick-meta":"","header-main-stick-meta":"","header-below-stick-meta":"","astra-migrate-meta-layouts":"default","ast-page-background-enabled":"default","ast-page-background-meta":{"desktop":{"background-color":"var(--ast-global-color-4)","background-image":"","background-repeat":"repeat","background-position":"center center","background-size":"auto","background-attachment":"scroll","background-type":"","background-media":"","overlay-type":"","overlay-color":"","overlay-gradient":""},"tablet":{"background-color":"","background-image":"","background-repeat":"repeat","background-position":"center center","background-size":"auto","background-attachment":"scroll","background-type":"","background-media":"","overlay-type":"","overlay-color":"","overlay-gradient":""},"mobile":{"background-color":"","background-image":"","background-repeat":"repeat","background-position":"center center","background-size":"auto","background-attachment":"scroll","background-type":"","background-media":"","overlay-type":"","overlay-color":"","overlay-gradient":""}},"ast-content-background-meta":{"desktop":{"background-color":"var(--ast-global-color-5)","background-image":"","background-repeat":"repeat","background-position":"center center","background-size":"auto","background-attachment":"scroll","background-type":"","background-media":"","overlay-type":"","overlay-color":"","overlay-gradient":""},"tablet":{"background-color":"var(--ast-global-color-5)","background-image":"","background-repeat":"repeat","background-position":"center center","background-size":"auto","background-attachment":"scroll","background-type":"","background-media":"","overlay-type":"","overlay-color":"","overlay-gradient":""},"mobile":{"background-color":"var(--ast-global-color-5)","background-image":"","background-repeat":"repeat","background-position":"center center","background-size":"auto","background-attachment":"scroll","background-type":"","background-media":"","overlay-type":"","overlay-color":"","overlay-gradient":""}},"footnotes":""},"class_list":["post-2","page","type-page","status-publish","hentry"],"yoast_head":"<!-- This site is optimized with the Yoast SEO plugin v22.8 - https:\/\/yoast.com\/wordpress\/plugins\/seo\/ -->\n<title>SNFe - Software de Gest\u00e3o Empresarial - SNFe<\/title>\n<meta name=\"description\" content=\"Revolucione sua Empresa com Nosso Software de Gest\u00e3o Empresarial: Efici\u00eancia e Controle total feito para voc\u00ea\" \/>\n<meta name=\"robots\" content=\"index, follow, max-snippet:-1, max-image-preview:large, max-video-preview:-1\" \/>\n<link rel=\"canonical\" href=\"https:\/\/snfe.com.br\/\" \/>\n<meta property=\"og:locale\" content=\"pt_BR\" \/>\n<meta property=\"og:type\" content=\"article\" \/>\n<meta property=\"og:title\" content=\"SNFe - Software de Gest\u00e3o Empresarial - SNFe\" \/>\n<meta property=\"og:description\" content=\"Revolucione sua Empresa com Nosso Software de Gest\u00e3o Empresarial: Efici\u00eancia e Controle total feito para voc\u00ea\" \/>\n<meta property=\"og:url\" content=\"https:\/\/snfe.com.br\/\" \/>\n<meta property=\"og:site_name\" content=\"SNFe\" \/>\n<meta property=\"article:modified_time\" content=\"2024-05-28T12:56:51+00:00\" \/>\n<meta property=\"og:image\" content=\"https:\/\/snfe.com.br\/wp-content\/uploads\/2024\/05\/snfe.png\" \/>\n<meta name=\"twitter:card\" content=\"summary_large_image\" \/>\n<meta name=\"twitter:label1\" content=\"Est. tempo de leitura\" \/>\n\t<meta name=\"twitter:data1\" content=\"5 minutos\" \/>\n<script type=\"application\/ld+json\" class=\"yoast-schema-graph\">{\"@context\":\"https:\/\/schema.org\",\"@graph\":[{\"@type\":\"WebPage\",\"@id\":\"https:\/\/snfe.com.br\/\",\"url\":\"https:\/\/snfe.com.br\/\",\"name\":\"SNFe - Software de Gest\u00e3o Empresarial - SNFe\",\"isPartOf\":{\"@id\":\"https:\/\/snfe.com.br\/#website\"},\"primaryImageOfPage\":{\"@id\":\"https:\/\/snfe.com.br\/#primaryimage\"},\"image\":{\"@id\":\"https:\/\/snfe.com.br\/#primaryimage\"},\"thumbnailUrl\":\"https:\/\/snfe.com.br\/wp-content\/uploads\/2024\/05\/snfe.png\",\"datePublished\":\"2016-05-10T03:48:21+00:00\",\"dateModified\":\"2024-05-28T12:56:51+00:00\",\"description\":\"Revolucione sua Empresa com Nosso Software de Gest\u00e3o Empresarial: Efici\u00eancia e Controle total feito para voc\u00ea\",\"breadcrumb\":{\"@id\":\"https:\/\/snfe.com.br\/#breadcrumb\"},\"inLanguage\":\"pt-BR\",\"potentialAction\":[{\"@type\":\"ReadAction\",\"target\":[\"https:\/\/snfe.com.br\/\"]}]},{\"@type\":\"ImageObject\",\"inLanguage\":\"pt-BR\",\"@id\":\"https:\/\/snfe.com.br\/#primaryimage\",\"url\":\"https:\/\/snfe.com.br\/wp-content\/uploads\/2024\/05\/snfe.png\",\"contentUrl\":\"https:\/\/snfe.com.br\/wp-content\/uploads\/2024\/05\/snfe.png\",\"width\":398,\"height\":204},{\"@type\":\"BreadcrumbList\",\"@id\":\"https:\/\/snfe.com.br\/#breadcrumb\",\"itemListElement\":[{\"@type\":\"ListItem\",\"position\":1,\"name\":\"In\u00edcio\",\"item\":\"https:\/\/snfe.com.br\/\"},{\"@type\":\"ListItem\",\"position\":2,\"name\":\"SNFe &#8211; Software de Gest\u00e3o Empresarial\"}]},{\"@type\":\"WebSite\",\"@id\":\"https:\/\/snfe.com.br\/#website\",\"url\":\"https:\/\/snfe.com.br\/\",\"name\":\"SNFe\",\"description\":\"Software de Gest\u00e3o Empresarial\",\"potentialAction\":[{\"@type\":\"SearchAction\",\"target\":{\"@type\":\"EntryPoint\",\"urlTemplate\":\"https:\/\/snfe.com.br\/?s={search_term_string}\"},\"query-input\":\"required name=search_term_string\"}],\"inLanguage\":\"pt-BR\"}]}<\/script>\n<!-- \/ Yoast SEO plugin. -->","yoast_head_json":{"title":"SNFe - Software de Gest\u00e3o Empresarial - SNFe","description":"Revolucione sua Empresa com Nosso Software de Gest\u00e3o Empresarial: Efici\u00eancia e Controle total feito para voc\u00ea","robots":{"index":"index","follow":"follow","max-snippet":"max-snippet:-1","max-image-preview":"max-image-preview:large","max-video-preview":"max-video-preview:-1"},"canonical":"https:\/\/snfe.com.br\/","og_locale":"pt_BR","og_type":"article","og_title":"SNFe - Software de Gest\u00e3o Empresarial - SNFe","og_description":"Revolucione sua Empresa com Nosso Software de Gest\u00e3o Empresarial: Efici\u00eancia e Controle total feito para voc\u00ea","og_url":"https:\/\/snfe.com.br\/","og_site_name":"SNFe","article_modified_time":"2024-05-28T12:56:51+00:00","og_image":[{"url":"https:\/\/snfe.com.br\/wp-content\/uploads\/2024\/05\/snfe.png"}],"twitter_card":"summary_large_image","twitter_misc":{"Est. tempo de leitura":"5 minutos"},"schema":{"@context":"https:\/\/schema.org","@graph":[{"@type":"WebPage","@id":"https:\/\/snfe.com.br\/","url":"https:\/\/snfe.com.br\/","name":"SNFe - Software de Gest\u00e3o Empresarial - SNFe","isPartOf":{"@id":"https:\/\/snfe.com.br\/#website"},"primaryImageOfPage":{"@id":"https:\/\/snfe.com.br\/#primaryimage"},"image":{"@id":"https:\/\/snfe.com.br\/#primaryimage"},"thumbnailUrl":"https:\/\/snfe.com.br\/wp-content\/uploads\/2024\/05\/snfe.png","datePublished":"2016-05-10T03:48:21+00:00","dateModified":"2024-05-28T12:56:51+00:00","description":"Revolucione sua Empresa com Nosso Software de Gest\u00e3o Empresarial: Efici\u00eancia e Controle total feito para voc\u00ea","breadcrumb":{"@id":"https:\/\/snfe.com.br\/#breadcrumb"},"inLanguage":"pt-BR","potentialAction":[{"@type":"ReadAction","target":["https:\/\/snfe.com.br\/"]}]},{"@type":"ImageObject","inLanguage":"pt-BR","@id":"https:\/\/snfe.com.br\/#primaryimage","url":"https:\/\/snfe.com.br\/wp-content\/uploads\/2024\/05\/snfe.png","contentUrl":"https:\/\/snfe.com.br\/wp-content\/uploads\/2024\/05\/snfe.png","width":398,"height":204},{"@type":"BreadcrumbList","@id":"https:\/\/snfe.com.br\/#breadcrumb","itemListElement":[{"@type":"ListItem","position":1,"name":"In\u00edcio","item":"https:\/\/snfe.com.br\/"},{"@type":"ListItem","position":2,"name":"SNFe &#8211; Software de Gest\u00e3o Empresarial"}]},{"@type":"WebSite","@id":"https:\/\/snfe.com.br\/#website","url":"https:\/\/snfe.com.br\/","name":"SNFe","description":"Software de Gest\u00e3o Empresarial","potentialAction":[{"@type":"SearchAction","target":{"@type":"EntryPoint","urlTemplate":"https:\/\/snfe.com.br\/?s={search_term_string}"},"query-input":"required name=search_term_string"}],"inLanguage":"pt-BR"}]}},"_links":{"self":[{"href":"https:\/\/snfe.com.br\/index.php?rest_route=\/wp\/v2\/pages\/2","targetHints":{"allow":["GET"]}}],"collection":[{"href":"https:\/\/snfe.com.br\/index.php?rest_route=\/wp\/v2\/pages"}],"about":[{"href":"https:\/\/snfe.com.br\/index.php?rest_route=\/wp\/v2\/types\/page"}],"author":[{"embeddable":true,"href":"https:\/\/snfe.com.br\/index.php?rest_route=\/wp\/v2\/users\/1"}],"replies":[{"embeddable":true,"href":"https:\/\/snfe.com.br\/index.php?rest_route=%2Fwp%2Fv2%2Fcomments&post=2"}],"version-history":[{"count":62,"href":"https:\/\/snfe.com.br\/index.php?rest_route=\/wp\/v2\/pages\/2\/revisions"}],"predecessor-version":[{"id":93,"href":"https:\/\/snfe.com.br\/index.php?rest_route=\/wp\/v2\/pages\/2\/revisions\/93"}],"wp:attachment":[{"href":"https:\/\/snfe.com.br\/index.php?rest_route=%2Fwp%2Fv2%2Fmedia&parent=2"}],"curies":[{"name":"wp","href":"https:\/\/api.w.org\/{rel}","templated":true}]}}